304421413 - 0?
-304421413
In base 5, what is 31204040 - 0?
31204040
In base 6, what is 205502 - 4?
205454
In base 4, what is 3 + 11333302333?
11333303002
In base 8, what is -23 - -301611?
301566
In base 4, what is 1113230 - -3?
1113233
In base 4, what is -133 - -1323120?
1322321
In base 3, what is -220 + 102100111?
102022121
In base 12, what is -31034 - -1?
-31033
In base 10, what is 208 + 111?
319
In base 3, what is 1021002010 + 10?
1021002020
In base 16, what is 151 - 37ef?
-369e
In base 12, what is 7 - 59b0?
-59a5
In base 3, what is -10211201 - 1112?
-10220020
In base 11, what is -12 - -142?
130
In base 16, what is -1d + 7cc9?
7cac
In base 10, what is 140 + 36819?
36959
In base 7, what is 41144 - 4?
41140
In base 10, what is 3 + 747386?
747389
In base 6, what is -5 + 552511?
552502
In base 15, what is -60d32 - 3?
-60d35
In base 3, what is 2021101100 - 10?
2021101020
In base 15, what is cd + 12?
e0
In base 9, what is 0 + -271460?
-271460
In base 5, what is 1300 + 33424?
40224
In base 10, what is 2 - -2498?
2500
In base 5, what is 11 - -120003301?
120003312
In base 6, what is -41 + 3013?
2532
In base 10, what is -3 - -11631?
11628
In base 5, what is 1 + -112222123?
-112222122
In base 16, what is a3095 + 0?
a3095
In base 2, what is 1111100101010100 + 1?
1111100101010101
In base 2, what is -11101111100111 - 100000?
-11110000000111
In base 14, what is a7 + -13a?
-73
In base 15, what is 15ac + -b?
15a1
In base 11, what is 7 - 281565?
-281559
In base 5, what is -1223112 + -12?
-1223124
In base 16, what is -4a + 9f9?
9af
In base 7, what is 4051225 - -4?
4051232
In base 16, what is -1e98 - -4?
-1e94
In base 7, what is 1032 - -5552?
6614
In base 5, what is -2 + 111322?
111320
In base 8, what is -63071 - 3?
-63074
In base 10, what is -2 + -3565?
-3567
In base 16, what is -6 + 48db5?
48daf
In base 6, what is -41141 - -10?
-41131
In base 12, what is -477 - 8a?
-545
In base 9, what is -386 - -147?
-238
In base 5, what is 133120 - -11?
133131
In base 4, what is 30301 - 103?
30132
In base 11, what is -2 - -a0a8?
a0a6
In base 12, what is 3580 + 347?
3907
In base 15, what is -2ad + 6a2?
3e4
In base 9, what is 2 + 70880?
70882
In base 4, what is -31 - -11230203?
11230112
In base 14, what is -10 + -34dc?
-350c
In base 5, what is 0 + 3042233?
3042233
In base 12, what is 2 - b4b2?
-b4b0
In base 10, what is 322059 - 8?
322051
In base 6, what is 5301114 + -5?
5301105
In base 12, what is 25 - -3a35?
3a5a
In base 16, what is 2f + 130b?
133a
In base 15, what is -7d44 - -2?
-7d42
In base 8, what is -54201 + 6?
-54173
In base 10, what is 2891 + 839?
3730
In base 7, what is -11 + 663532?
663521
In base 13, what is 2c + -bcb?
-b9c
In base 3, what is 2210200102022 + 12?
2210200102111
In base 2, what is 1000111110000 - -1110?
1000111111110
In base 13, what is 246 - 2?
244
In base 9, what is -2 - -1000731?
1000728
In base 15, what is 1ebc + 86?
2053
In base 14, what is 5811 - -8?
5819
In base 7, what is -633 + 140?
-463
In base 10, what is -1062 - 8?
-1070
In base 14, what is -13d + -43?
-182
In base 16, what is c540 + 4f?
c58f
In base 12, what is -458520 + 1?
-45851b
In base 14, what is a94 + 15?
aa9
In base 13, what is -260 - 6b1?
-941
In base 7, what is -4 - 1425322?
-1425326
In base 15, what is -10d + -1156?
-1264
In base 5, what is 40434 + -1332?
34102
In base 2, what is -1 + 11011101110111111?
11011101110111110
In base 9, what is 52 + -1124?
-1062
In base 5, what is -2024443 + -2?
-2030000
In base 4, what is -20 - 311300?
-311320
In base 3, what is -10020 + 1022201?
1012111
In base 8, what is 211 - -71?
302
In base 2, what is 11101100 + -1101111?
1111101
In base 8, what is 3 - -127301?
127304
In base 9, what is -70468 - 3?
-70472
In base 16, what is -d02 + 15?
-ced
In base 8, what is -34 - 13107?
-13143
In base 2, what is 11011010000101001 - -10?
11011010000101011
In base 15, what is -3c + 17?
-25
In base 8, what is 64605 - -5?
64612
In base 2, what is -1 + 111001010001110101?
111001010001110100
In base 7, what is -1314 + -460?
-2104
In base 3, what is 12201222 - -2?
12202001
In base 2, what is 1000001110 + -11011100?
100110010
In base 10, what is 5 + 312526?
312531
In base 2, what is -10 - 101000111001000000?
-101000111001000010
In base 13, what is -653 - -c?
-644
In base 14, what is b9a1 + -2?
b99d
In base 8, what is -17 - -531371?
531352
In base 13, what is -6 + 2570a?
25704
In base 9, what is -56 - -5465?
5408
In base 2, what is 10000111101000 - -101?
10000111101101
In base 16, what is 882 + 2f?
8b1
In base 12, what is -211a0 + 3?
-21199
In base 2, what is 1011010111001 + -10101?
1011010100100
In base 9, what is 453864 + 5?
453870
In base 16, what is e99b0 + -4?
e99ac
In base 6, what is 320515 + 3?
320522
In base 12, what is 1b10 + 68?
1b78
In base 9, what is -253528 - 0?
-253528
In base 7, what is -402 - 1454?
-2156
In base 3, what is 1000001 - 1211?
221020
In base 6, what is -3 + 13422324?
13422321
In base 7, what is -1 - 252334?
-252335
In base 3, what is -2201210002 - -10?
-2201202222
In base 4, what is 301311122 - -1?
301311123
In base 8, what is 4 - -1627554?
1627560
In base 12, what is -17896 - b?
-178a5
In base 15, what is -5 + -41e0?
-41e5
In base 10, what is 6073 - -181?
6254
In base 6, what is 3 + -33425054?
-33425051
In base 10, what is -146 + 63?
-83
In base 16, what is 20 + ffc?
101c
In base 12, what is -7093 - -60?
-7033
In base 6, what is -50 + 14012?
13522
In base 16, what is ba - 13c?
-82
In base 12, what is 58 + -139?
-a1
In base 6, what is -205 - 10024?
-10233
In base 12, what is -3 + -2a2a7?
-2a2aa
In base 5, what is -424 - -23043?
22114
In base 6, what is 45153 - 24?
45125
In base 13, what is 3 - -c635?
c638
In base 8, what is 46545 + 25?
46572
In base 12, what is 1 + 3021?
3022
In base 13, what is 334 + -43?
2c1
In base 12, what is 5 + 7717?
7720
In base 6, what is -4035 + -25?
-4104
In base 8, what is -3 - -320125?
320122
In base 13, what is -5033 - 2c?
-5062
In base 4, what is 10130023 - 3?
10130020
In base 15, what is -7 + -1cc5b?
-1cc63
In base 8, what is -1273 - 14?
-1307
In base 13, what is 4 + c12?
c16
In base 8, what is -556 + 64?
-472
In base 6, what is 21252022 + -5?
21252013
In base 11, what is 8 - 765a?
-7652
In base 8, what is 254646 + 20?
254666
In base 12, what is 52092 - 3?
5208b
In base 16, what is -601 + -15d?
-75e
In base 11, what is -1670 + -184a?
-340a
In base 11, what is -1429 - 45?
-1473
In base 11, what is 0 - -a285?
a285
In base 10, what is 36 + -17?
19
In base 9, what is -378511 - -3?
-378507
In base 11, what is 206 - 62?
154
In base 14, what is -19b - ca?
-287
In base 7, what is 252525 + -2?
252523
In base 15, what is 3aa1 + d2?
3b83
In base 7, what is 5 + 5154231?
5154236
In base 3, what is -22 + 222101102?
222101010
In base 16, what is -986590 + -2?
-986592
In base 5, what is 324113 - -243?
324411
In base 2, what is 10110010001000 - 101011?
10110001011101
In base 9, what is 43614 + 4?
43618
In base 4, what is -113312 - -1121?
-112131
In base 16, what is 1075 + -66?
100f
In base 13, what is 7 + -713?
-709
In base 12, what is 14 - 1aa4?
-1a90
In base 15, what is -bd - 116?
-1d4
In base 8, what is -12 - 63044?
-63056
In base 13, what is 9c162 + -5?
9c15a
In base 15, what is -100 - -8?
-e7
In base 4, what is -33101 + -203?
-33310
In base 5, what is -1224030 + -2?
-1224032
In base 9, what is 154 - 1451?
-1286
In base 5, what is 104 + 4423?
10032
In base 11, what is -8 - -11046?
11039
In base 5, what is -442 - -23201?
22204
In base 14, what is 2c7 - -273?
55a
In base 5, what is 40224 + -204?
40020
In base 2, what is 11 - -1001010111000110011?
1001010111000110110
In base 10, what is -1383322 + 4?
-1383318
In base 6, what is -21 - -2215?
2154
In base 9, what is -45173 - 13?
-45186
In base 11, what is 45a559 - 0?
45a559
In base 7, what is 2200 + 14244?
16444
In base 7, what is 155 - 20145?
-16660
In base 14, what is -24b86 + -4?
-24b8a
In base 11, what is 22974 - -3?
22977
In base 5, what is 31213 + -13?
31200
In base 12, what is 1 - 1a68?
-1a67
In base 8, what is 266 + -26?
240
In base 10, what is 153844 - 5?
153839
In base 12, what is -2037 - -36?
-2001
In base 15, what is -35 - 20bb?
-2101
In base 6, what is 3141122 + -33?
3141045
In base 14, what is -9 + 11a6?
119b
In base 3, what is -112 + 100201121?
100201002
I